ulate t(-3).
36
Let m(n) = 6*n**2 + 253*n - 755. Give m(-45).
10
Let b(f) = 3*f**3 + 18*f**2 + f - 22. Determine b(-6).
-28
Let d(c) = -c**3 + 8*c**2 - 198*c + 699. Give d(4).
-29
Let k(g) = 460*g - 3677. What is k(8)?
3
Let l(s) = -18*s**2 + 253*s + 10. Determine l(14).
24
Let a(z) = 12*z**2 - 458*z + 41. Give a(38).
-35
Let h(m) = 48*m - 3543. Calculate h(71).
-135
Let n(p) = -2*p**3 - 20*p**2 - 12*p - 357. Give n(-11).
17
Let d(o) = -2278*o + 4554. What is d(2)?
-2
Let w(b) = 12*b + 123. Calculate w(-8).
27
Let h(s) = 2*s**3 + 90*s**2 + 81*s - 310. Determine h(-44).
-2
Let g(y) = -82*y - 1146. What is g(-13)?
-80
Let w(r) = 33*r**2 + 2*r - 2. What is w(1)?
33
Let d(k) = 2*k**3 - 202*k - 31. What is d(-10)?
-11
Let k(s) = 3*s**2 - 111*s + 692. Give k(8).
-4
Let z(k) = 82*k - 8756. What is z(107)?
18
Let s(b) = -b**3 + 16*b**2 - 2*b - 16. Calculate s(16).
-48
Let x(h) = -10*h**2 + 347*h - 1209. Determine x(4).
19
Let d(w) = -9*w - 422. Determine d(-48).
10
Let p(x) = 547*x + 45383. Calculate p(-83).
-18
Let v(i) = -i**3 - 18*i**2 + 54*i - 197. What is v(-21)?
-8
Let h(g) = g**3 + 8*g**2 + 34*g + 217. Give h(-6).
85
Let h(c) = -c**3 + 150*c**2 + 291*c + 1984. Determine h(152).
8
Let l(t) = -15*t - 11. Give l(-10).
139
Let d(g) = 2*g + 53. What is d(11)?
75
Let m(q) = 2*q**2 + 56*q - 374. Calculate m(-34).
34
Let b(p) = -p**3 - 6*p**2 + 16*p + 1. What is b(-8)?
1
Let m(d) = 3*d**2 - 9*d + 8. Give m(4).
20
Let d(f) = -5653*f - 101748. Calculate d(-18).
6
Let k(i) = 84*i**2 - 2348*i - 100. Determine k(28).
12
Let h(x) = 111*x - 428. Determine h(4).
16
Let x(a) = -a**3 - 22*a**2 - 127*a - 125. Give x(-13).
5
Let m(f) = -f**2 + 15*f + 88. Give m(21).
-38
Let l(d) = -2*d**2 - 29*d - 7. Give l(-14).
7
Let o(c) = c**2 - 20*c - 5. What is o(16)?
-69
Let u(f) = f**2 + 30*f + 151. Calculate u(-18).
-65
Let l(f) = 125*f + 2874. Give l(-23).
-1
Let k(p) = 2*p**2 + 66*p - 674. Determine k(8).
-18
Let n(v) = -2*v**3 + 47*v**2 + 76*v - 21. Calculate n(25).
4
Let z(i) = -14*i + 9. Give z(-13).
191
Let j(p) = -8*p - 458. Give j(-60).
22
Let o(d) = -131*d - 7018. Determine o(-54).
56
Let x(m) = 16*m**2 - 967*m - 1538. What is x(62)?
12
Let o(d) = 4*d**2 - 66*d + 29. What is o(18)?
137
Let c(z) = -2*z**2 + 107*z - 1028. Give c(41).
-3
Let v(g) = g**3 - 31*g**2 + 87*g - 20. Determine v(28).
64
Let i(t) = -t**3 + 31*t**2 - 155*t + 4811. Give i(31).
6
Let z(t) = -464*t + 6522. What is z(14)?
26
Let v(r) = r**3 + 36*r**2 + 135*r + 6. Determine v(-4).
-22
Let j(q) = -q**3 - 12*q**2 - 20*q + 13. Calculate j(-10).
13
Let x(u) = -3*u**3 + 7*u**2 - 13*u + 28. What is x(4)?
-104
Let r(j) = 18*j**2 + 62*j + 25. Determine r(-3).
1
Let h(n) = 2*n**3 - 82*n**2 - 158*n + 3102. Calculate h(42).
-6
Let o(t) = t**3 + 60*t**2 - 175*t + 190. Calculate o(-63).
-692
Let r(l) = 45*l**2 + 442*l - 60. Give r(-10).
20
Let r(z) = 2*z**3 - 3*z**2 - 19*z + 42. Give r(2).
8
Let x(v) = -316*v + 3782. Determine x(12).
-10
Let b(w) = 5*w**2 - 15*w - 66. Determine b(-9).
474
Let r(t) = -t**3 - 16*t**2 - 68. Determine r(-16).
-68
Let u(w) = -w**2 + 4*w + 66. Give u(8).
34
Let u(i) = -3*i**2 + 29*i - 141. What is u(7)?
-85
Let n(p) = -8*p**2 + 74*p + 26. Determine n(9).
44
Let s(i) = -3*i**2 - 37*i + 325. Calculate s(6).
-5
Let l(j) = -j**3 - 21*j**2 - 101*j - 2. Calculate l(-14).
40
Let g(h) = -h**3 - 5*h**2 + 35*h + 19. What is g(-9)?
28
Let h(b) = b**2 - 154*b + 4436. Calculate h(39).
-49
Let i(h) = 54*h + 279. Determine i(-5).
9
Let n(t) = -t**3 - 54*t**2 + 61*t + 336. Determine n(-55).
6
Let k(q) = q**3 - 39*q**2 + 177*q - 46. Determine k(34).
192
Let m(t) = 20*t**2 - 920*t + 14. Give m(46).
14
Let j(x) = x**3 + 10*x**2 - 53*x + 47. Give j(-14).
5
Let o(b) = 79*b**2 - 114*b + 112. What is o(1)?
77
Let g(s) = -5*s**2 - 371*s - 448. What is g(-73)?
-10
Let j(z) = -z**3 + 7*z**2 + 81*z - 10. Calculate j(-6).
-28
Let c(a) = 3*a**3 + 23*a**2 - 16*a - 56. What is c(-9)?
-236
Let j(p) = p**3 - 57*p**2 + 154*p - 2427. Calculate j(55).
-7
Let w(p) = -p**3 - 232*p + 16. Calculate w(0).
16
Let t(v) = v**2 + 15*v + 59. Give t(-7).
3
Let j(i) = -2*i**3 + 47*i**2 + 258*i - 164. Give j(28).
4
Let d(v) = v**3 + 9*v**2 + 3*v + 125. Determine d(-10).
-5
Let f(b) = -56*b**2 - 516*b. Determine f(-9).
108
Let n(v) = -37*v + 108. What is n(4)?
-40
Let h(n) = n**3 - 37*n**2 + 43*n - 29. What is h(36)?
223
Let m(q) = 88*q + 574. Calculate m(-6).
46
Let c(j) = -j**3 - 36*j**2 + 971*j - 40. Determine c(-54).
14
Let c(x) = -153*x + 2016. Give c(13).
27
Let m(q) = -5*q**2 - 123*q + 644. Determine m(-29).
6
Let g(o) = 47*o + 2683. Give g(-57).
4
Let m(u) = u**3 - 11*u**2 + 11*u + 7. What is m(0)?
7
Let z(d) = 26*d**2 - 7*d - 3. Give z(-2).
115
Let a(s) = -s + 236. What is a(90)?
146
Let l(q) = q**3 - 43*q**2 + 10*q - 277. Calculate l(43).
153
Let g(b) = 2*b**2 + 16*b - 64. What is g(6)?
104
Let h(c) = -7*c**2 - 5*c + 104. Calculate h(3).
26
Let m(y) = 16*y**2 + 29*y. Calculate m(-2).
6
Let z(j) = 11*j**2 + 6*j - 25. What is z(2)?
31
Let x(c) = -74*c + 790. Calculate x(11).
-24
Let l(f) = -38*f + 5545. Calculate l(146).
-3
Let a(x) = 676*x + 12171. Give a(-18).
3
Let p(x) = -2*x**2 + 4*x + 24. Calculate p(6).
-24
Let b(d) = -66*d**3 - 1315*d**2 + 101*d + 22. What is b(-20)?
2
Let k(f) = 12*f + 549. Determine k(-34).
141
Let f(q) = q**3 + 13*q**2 - 52*q - 72. Determine f(-16).
-8
Let h(j) = 159*j + 2051. Calculate h(-13).
-16
Let f(j) = 2*j**3 - 53*j**2 - 75*j + 1228. What is f(27)?
-68
Let u(o) = 81*o - 393. Calculate u(8).
255
Let f(j) = -j**3 + 37*j**2 - 60*j - 85. Determine f(35).
265
Let g(u) = u**3 + 115*u**2 - 149*u - 3844. Calculate g(-116).
-16
Let u(j) = 225*j + 1541. Determine u(-7).
-34
Let y(l) = -7*l - 190. Give y(-28).
6
Let r(c) = -c**3 + 41*c**2 - 152*c + 55. Determine r(37).
-93
Let t(c) = -392*c - 10621. What is t(-27)?
-37
Let f(k) = 35*k**2 - 125*k + 124. Calculate f(1).
34
Let o(j) = -13*j**2 + 2263*j + 4408. Give o(176).
8
Let n(u) = -2*u**2 + 33*u + 133. Give n(20).
-7
Let s(w) = -11*w**2 - 1791*w - 1463. Calculate s(-162).
-5
Let g(l) = -l**2 + 47*l + 12. What is g(20)?
552
Let s(o) = -14*o - 201. Determine s(-14).
-5
Let v(p) = -1120*p**2 + 7835*p + 28. Determine v(7).
-7
Let x(f) = -18*f - 1. Calculate x(0).
-1
Let s(z) = -414*z - 3311. Calculate s(-9).
415
Let h(t) = -t**2 - 37*t - 243. Give h(-28).
9
Let r(f) = -114*f + 10250. What is r(90)?
-10
Let g(l) = 19*l - 66. Give g(8).
86
Let u(m) = -6*m - 15. Calculate u(-1).
-9
Let d(t) = -1477*t + 33975. What is d(23)?
4
Let q(a) = -a**2 - 13*a + 32. Determine q(-8).
72
Let l(x) = -508*x**3 - 5*x**2 + 4. What is l(1)?
-509
Let f(b) = -237*b**2 - b - 2. What is f(-1)?
-238
Let c(m) = -38*m - 737. Calculate c(-19).
-15
Let s(l) = -227*l + 1173. Calculate s(6).
-189
Let f(q) = -q**3 + 37*q**2 - 40*q - 80. What is f(36)?
-224
Let t(i) = -i**3 - 9*i**2 - 25*i - 307. Determine t(-10).
43
Let d(u) = -54*u - 1288. Calculate d(-25).
62
Let d(j) = -134*j + 3564. Determine d(27).
-54
Let q(v) = -43*v**2 - 1305*v - 445. Give q(-30).
5
Let s(u) = -3*u**2 + 57*u + 163. Determine s(22).
-35
Let h(k) = k**2 - k - 489. Calculate h(-21).
-27
Let k(c) = -101*c + 1418. What is k(14)?
4
Let f(g) = -2*g**2 + 105*g + 155. Give f(59).
-612
Let f(s) = -26*s - 57. Calculate f(-4).
47
Let v(g) = 4*g**2 - 196*g + 998. Calculate v(5).
118
Let s(y) = -y**3 - 10*y**2 - 3*y + 49. Determine s(-9).
-5
Let k(c) = 1478*c - 26603. Give k(18).
1
Let j(b) = b**3 - 11*b**2 - 70*b - 26. Give j(-4).
14
Let r(d) = d**3 + 10*d**2 + 16*d + 113. Calculate r(-10).
-47
Let c(l) = 425*l + 21668. Calculate c(-51).
-7
Let d(l) = l**2 - 35*l + 92. Give d(15).
-208
Let v(p) = -830*p - 9141. Determine v(-11).
-11
Let l(p) = p**3 - 47*p**2 + 92*p + 32. Determine l(45).
122
Let p(z) = 5*z**3 - 87*z**2 + 12*z + 366. Determine p(17).
-8
Let o(v) = -325*v + 14301. Determine o(44).
1
Let c(y) = y**3 - 44*y**2 + 234*y - 116. Give c(38).
112
Let l(y) = -28*y + 173. Determine l(-2).
229
Let i(r) = r**2 + 18*r + 13. Determine i(-7).
-64
Let h(t) = 7*t + 233. Determine h(-40).
-47
Let c(x) = 529*x - 2187. What is c(4)?
-71
Let u(o) = 13*o**2 - 358*o + 1869. Give u(7).
0
Let k(t) = 185*t - 192. What is k(1)?
-7
Let l(q) = -4*q**2 - 194*q - 545. Calculate l(-3).
1
Let h(w) = -3982*w - 139371. Calculate h(-35).
